vide 86681856?
False
Is 2641288208 a multiple of 4213?
False
Does 13 divide 53658822?
False
Is 10485855 a multiple of 13?
False
Does 391 divide 258850069?
False
Does 4054 divide 1982085734?
True
Is 2958 a factor of 109023006?
True
Is 3123724 a multiple of 2?
True
Is 2025189700 a multiple of 50?
True
Is 7811093 a multiple of 6?
False
Does 3 divide 6911196?
True
Is 487 a factor of 112223424?
False
Is 17 a factor of 567386934?
True
Does 2108 divide 405581308?
True
Is 48505903 a multiple of 190?
False
Is 21 a factor of 4847681748?
True
Is 150 a factor of 53602543?
False
Is 5094472 a multiple of 29?
False
Is 27500928 a multiple of 1574?
True
Does 284 divide 985051160?
True
Is 57685320 a multiple of 3465?
True
Does 58 divide 147782318?
True
Does 60 divide 266127051?
False
Is 24 a factor of 510191364?
False
Is 189527940 a multiple of 3?
True
Is 1095496833 a multiple of 812?
False
Is 20 a factor of 100509226?
False
Does 26 divide 20078682?
True
Is 59 a factor of 6899495?
False
Is 205262559 a multiple of 2509?
False
Does 1188 divide 60049836?
True
Is 92344283 a multiple of 29?
False
Is 56742860 a multiple of 212?
True
Does 23 divide 581920631?
True
Does 75 divide 58383525?
True
Does 107 divide 1805372742?
False
Does 10 divide 15193860?
True
Is 1444347 a multiple of 137?
False
Is 224453637 a multiple of 3?
True
Is 520 a factor of 913147560?
True
Is 8 a factor of 721302238?
False
Does 27 divide 75657308?
False
Is 82 a factor of 15131356?
False
Is 677 a factor of 31786673?
False
Is 1271 a factor of 356265113?
True
Is 5487813408 a multiple of 4587?
True
Is 42 a factor of 23903460?
True
Is 124 a factor of 110246416?
True
Is 4996514 a multiple of 6?
False
Is 4 a factor of 20184848?
True
Does 39 divide 37649820?
True
Does 4 divide 39632?
True
Is 142 a factor of 2147711092?
True
Is 298 a factor of 108455908?
True
Does 141 divide 593092322?
False
Does 490 divide 892805923?
False
Does 554 divide 3209944142?
True
Is 2923 a factor of 115502345?
True
Is 87675080 a multiple of 491?
False
Is 646 a factor of 35532436?
False
Does 37 divide 418310956?
False
Does 101 divide 29836917?
False
Is 94 a factor of 238854794?
False
Is 615043 a multiple of 28?
False
Is 104618755 a multiple of 7?
False
Is 2639910 a multiple of 40?
False
Is 927318610 a multiple of 10?
True
Is 2009 a factor of 730241365?
True
Is 9 a factor of 829822563?
True
Does 2 divide 29082260?
True
Is 51 a factor of 1852677?
True
Does 67 divide 16472151?
True
Is 1295 a factor of 210631750?
True
Is 15064075 a multiple of 13?
True
Does 17 divide 23706653?
True
Is 241489080 a multiple of 140?
True
Does 2484 divide 82374408?
True
Does 16 divide 70046507?
False
Does 8 divide 303280095?
False
Is 835125369 a multiple of 948?
False
Is 33 a factor of 29767089?
True
Is 7794649 a multiple of 185?
False
Does 16 divide 867509057?
False
Is 1426 a factor of 1290522262?
False
Is 84658335 a multiple of 532?
False
Does 26 divide 104467147?
False
Is 283 a factor of 485142372?
True
Does 2726 divide 329669595?
False
Does 10 divide 281122454?
False
Does 87 divide 45920775?
True
Is 234 a factor of 147634110?
True
Is 1310856672 a multiple of 22?
False
Is 175 a factor of 24980613?
False
Does 979 divide 3532232?
True
Is 58 a factor of 1061915747?
False
Is 259 a factor of 342155515?
False
Does 565 divide 1079371480?
True
Does 85 divide 346506155?
True
Is 10 a factor of 597030298?
False
Does 572 divide 204159384?
True
Is 76236666 a multiple of 66?
True
Does 674 divide 308220200?
True
Is 1006497834 a multiple of 135?
False
Is 283614240 a multiple of 455?
True
Is 6 a factor of 885340?
False
Is 943 a factor of 199607943?
False
Is 29643054 a multiple of 14?
True
Is 1911 a factor of 42849243?
False
Is 106 a factor of 12510191?
False
Is 1231757095 a multiple of 5243?
False
Does 2406 divide 20771297?
False
Is 5106496 a multiple of 146?
True
Is 170 a factor of 10189800?
True
Does 55 divide 203989415?
False
Is 597060 a multiple of 6?
True
Is 16 a factor of 492093372?
False
Does 71 divide 106237584?
True
Is 20 a factor of 12318327?
False
Does 62 divide 268864674?
True
Is 420 a factor of 38786580?
True
Is 991241734 a multiple of 15?
False
Is 3444085200 a multiple of 51?
False
Is 9 a factor of 1080603221?
False
Is 27 a factor of 982309329?
True
Is 803590744 a multiple of 4444?
True
Is 460 a factor of 689321500?
True
Is 293 a factor of 180466930?
False
Is 180 a factor of 50263356?
False
Is 13 a factor of 78131375?
False
Does 2869 divide 451812989?
True
Is 3413157 a multiple of 29?
False
Is 5748 a factor of 3748443240?
True
Does 2150 divide 73063450?
True
Does 346 divide 80927377?
False
Is 9701 a factor of 1238390856?
True
Is 13 a factor of 8089642?
False
Is 5059608 a multiple of 408?
True
Is 24391341 a multiple of 117?
True
Does 23 divide 12158674?
True
Does 15 divide 622239120?
True
Does 69 divide 57929571?
True
Is 6779 a factor of 190266193?
True
Is 354 a factor of 2673386961?
False
Is 4010222 a multiple of 62?
True
Is 280 a factor of 372141840?
True
Is 709 a factor of 8374209?
False
Does 425 divide 1168405529?
False
Is 867878554 a multiple of 14?
False
Does 5 divide 1068312699?
False
Is 24 a factor of 22423625?
False
Is 26 a factor of 76040146?
True
Is 232 a factor of 611634989?
False
Is 599 a factor of 1270782693?
True
Does 964 divide 317656316?
True
Is 15 a factor of 3617796165?
True
Is 317 a factor of 37301426?
False
Is 17 a factor of 1100632921?
True
Does 116 divide 31164416?
False
Is 182 a factor of 318298344?
True
Is 372110755 a multiple of 3?
False
Is 218586042 a multiple of 1289?
True
Is 395921996 a multiple of 445?
False
Is 26865200 a multiple of 440?
False
Is 397362262 a multiple of 39?
False
Is 947 a factor of 394949191?
True
Does 7270 divide 2433756090?
True
Is 3555331 a multiple of 557?
True
Is 742 a factor of 59900918?
True
Is 7 a factor of 16293616?
False
Does 211 divide 6262563?
False
Is 2458771294 a multiple of 2076?
False
Does 46 divide 1673420752?
True
Is 1460385 a multiple of 23?
True
Does 3409 divide 16380245?
True
Is 115 a factor of 470597843?
False
Is 31898409 a multiple of 17?
True
Is 216899136 a multiple of 96?
True
Is 48 a factor of 84466749?
False
Is 33253534 a multiple of 9?
False
Is 1311 a factor of 8280058?
False
Does 22 divide 123169013?
False
Is 35804049 a multiple of 1014?
False
Does 4359 divide 709414173?
True
Does 59 divide 1556662?
False
Is 58982763 a multiple of 317?
False
Does 3 divide 5084134?
False
Does 481 divide 37456913?
True
Does 944 divide 15397584?
True
Does 67 divide 5062755371?
True
Is 654 a factor of 81985440?
True
Is 19 a factor of 26146384?
False
Does 7 divide 21414763?
False
Is 447 a factor of 83774584?
False
Is 740 a factor of 1039607286?
False
Is 23255714 a multiple of 23?
True
Does 240 divide 508957999?
False
Is 1849 a factor of 468094689?
True
Is 214 a factor of 4523532?
True
Is 12 a factor of 167453496?
True
Is 22750131 a multiple of 17?
True
Is 173 a factor of 16580104?
False
Does 675 divide 553544550?
True
Is 657 a factor of 1713549294?
True
Is 5865483 a multiple of 23?
True
Is 6 a factor of 9132564?
True
Does 926 divide 154576690?
False
Does 132 divide 976973056?
False
Is 76 a factor of 79280957?
False
Is 868 a factor of 35402248?
True
Is 464 a factor of 70419145?
False
Is 75 a factor of 937411875?
True
Is 229 a factor of 36364675?
False
Is 33866709 a multiple of 1688?
False
Is 348842335 a multiple of 3166?
False
Does 66 divide 59608230?
True
Is 1202121591 a multiple of 457?
True
Does 35 divide 2907906015?
True
Is 28169004 a multiple of 319?
False
Does 77 divide 3469386?
False
Is 24 a factor of 1968076514?
False
Is 30 a factor of 236179710?
True
Does 109 divide 3614087603?
True
Does 187 divide 4350372?
False
Is 303135882 a multiple of 59?
False
Is 73 a factor of 280681980?
False
Is 28 a factor of 6303368?
False
Does 1419 divide 561723597?
False
Does 49 divide 16863317?
False
Is 52 a factor of 95529835?
False
Is 693 a factor of 426272183?
False
Is 18 a factor of 771267528?
True
Is 152 a factor of 17026432?
True
Is 107660776 a multiple of 16?
False
Is 17381313 a multiple of 94?
False
Is 280 a factor of 217212672?
False
Is 43 a factor of 120759790?
False
Does 29 divide 5111190?
False
Is 4 a factor of 50321488?
True
Is 26110847 a multiple of 893?
False
Does 36 divide 71905212?
True
Does 9